{"id":182,"date":"2021-05-18T22:39:37","date_gmt":"2021-05-18T20:39:37","guid":{"rendered":"http:\/\/parafiaskrzydlna.pl\/?page_id=182"},"modified":"2021-06-02T00:58:09","modified_gmt":"2021-06-01T22:58:09","slug":"godziny-otwarcia","status":"publish","type":"page","link":"https:\/\/parafiaskrzydlna.pl\/index.php\/godziny-otwarcia\/","title":{"rendered":"Godziny otwarcia"},"content":{"rendered":"\n<p class=\"has-text-align-center\">Kancelaria parafialna czynna jest w \u015brod\u0119 i pi\u0105tek bezpo\u015brednio po Mszy \u015awi\u0119tej wieczornej (ok. godz. 18:40 \u2013 czas letni, ok. godz. 17:40 \u2013 czas zimowy ). <\/p>\n\n\n\n<p class=\"has-text-align-center\">Sprawy przygotowania do ma\u0142\u017ce\u0144stwa po wcze\u015bniejszym um\u00f3wieniu spotkania telefonicznie. <\/p>\n\n\n\n<p class=\"has-text-align-center\">W sprawach bardzo pilnych o ka\u017cdej porze. <\/p>\n\n\n\n<p class=\"has-text-align-center\">Kontakt do duszpasterzy: <\/p>\n\n\n\n<p class=\"has-text-align-center\">Ksi\u0105dz Proboszcz: 889 774 216 <\/p>\n\n\n\n<p class=\"has-text-align-center\">Ksi\u0105dz Wikariusz: 889 774 116<\/p>\n","protected":false},"excerpt":{"rendered":"<p>Kancelaria parafialna czynna jest w \u015brod\u0119 i pi\u0105tek bezpo\u015brednio po Mszy \u015awi\u0119tej wieczornej (ok. godz. 18:40 \u2013 czas letni, ok. godz. 17:40 \u2013 czas zimowy ). Sprawy przygotowania do ma\u0142\u017ce\u0144stwa po wcze\u015bniejszym um\u00f3wieniu spotkania&#46;&#46;&#46;<\/p>\n","protected":false},"author":1,"featured_media":0,"parent":0,"menu_order":0,"comment_status":"closed","ping_status":"closed","template":"","meta":{"footnotes":""},"_links":{"self":[{"href":"https:\/\/parafiaskrzydlna.pl\/index.php\/wp-json\/wp\/v2\/pages\/182"}],"collection":[{"href":"https:\/\/parafiaskrzydlna.pl\/index.php\/wp-json\/wp\/v2\/pages"}],"about":[{"href":"https:\/\/parafiaskrzydlna.pl\/index.php\/wp-json\/wp\/v2\/types\/page"}],"author":[{"embeddable":true,"href":"https:\/\/parafiaskrzydlna.pl\/index.php\/wp-json\/wp\/v2\/users\/1"}],"replies":[{"embeddable":true,"href":"https:\/\/parafiaskrzydlna.pl\/index.php\/wp-json\/wp\/v2\/comments?post=182"}],"version-history":[{"count":3,"href":"https:\/\/parafiaskrzydlna.pl\/index.php\/wp-json\/wp\/v2\/pages\/182\/revisions"}],"predecessor-version":[{"id":258,"href":"https:\/\/parafiaskrzydlna.pl\/index.php\/wp-json\/wp\/v2\/pages\/182\/revisions\/258"}],"wp:attachment":[{"href":"https:\/\/parafiaskrzydlna.pl\/index.php\/wp-json\/wp\/v2\/media?parent=182"}],"curies":[{"name":"wp","href":"https:\/\/api.w.org\/{rel}","templated":true}]}}